factors of x?
2, 3, 5, 53
Suppose 139662 = 90*l + 89*l - 170*l. What are the prime factors of l?
2, 7759
Let b be 34/6 + (-115)/69. Suppose -r + 1154 = b*v + r, -5*v = -4*r - 1475. What are the prime factors of v?
3, 97
Let k(l) = 330*l**2 - 101*l + 33. List the prime factors of k(7).
2, 13, 149
Let k be 1*(0/(-3) - -6). Let y be 10 - k - (-1 + 1). Suppose 0 = c + 5*z - 17, 0 = 2*c - y*z - 5 - 99. What are the prime factors of c?
2, 3, 7
Let a = -450 - -452. Suppose -a*q = 6, -3*z + 8*q = 3*q - 405. List the prime factors of z.
2, 5, 13
Let h be (-3)/((-4)/(48/(-9))). Let a(f) = -47*f + 36. List the prime factors of a(h).
2, 7
Let t = 37415 - 21656. What are the prime factors of t?
3, 17, 103
Suppose 0 = -4*g - c + 30203, g - 1931 = 4*c + 5624. List the prime factors of g.
3, 839
Let i(d) = 60*d**2 - 25*d - 656. List the prime factors of i(-14).
2, 3, 23, 83
Let m(c) = 56*c**2 + 193*c - 72. List the prime factors of m(12).
2, 3, 859
Let q(y) = 73*y - 132. Let f(x) = -75*x + 133. Let z(m) = 4*f(m) + 5*q(m). What are the prime factors of z(10)?
2, 3, 29
Let h be (28/(-10) - (-36)/(-180))*2. List the prime factors of 20/h*(49 + -442).
2, 5, 131
Let d = 35 + -31. Suppose 8*m = -d*m + 3168. Suppose m = 3*x - c, x - 5*c - 99 = 3. What are the prime factors of x?
3, 29
Let o be (3/(24/64))/(-2 + 0). Let b(p) be the first derivative of -p**4/4 - 2*p**3/3 + p**2 + 4*p + 3. List the prime factors of b(o).
2, 7
Let g be (-45)/5*22/6. Let s = g + 35. Suppose -34 = -3*u + s. List the prime factors of u.
2, 3
Let s(l) = 13*l - 4. Let m = -285 - -453. Let z be 12/15 + m/15. List the prime factors of s(z).
2, 19
Suppose -130*l - 6 = -133*l. Suppose 2 = -l*v + 10. Suppose v*c - 5*c + 84 = 0. List the prime factors of c.
2, 3, 7
Let v be ((75/(-10))/5 + 2)*58. List the prime factors of (-3222)/(-4)*58/v.
3, 179
Let j(z) = 1 - z - 5*z - z. Suppose 38*b = -4*b - 210. List the prime factors of j(b).
2, 3
Let b(s) = 15*s**2 - 8*s - 6. Let q be b(6). Let n = -224 + q. What are the prime factors of n?
2, 131
Let v = 14086 - 4240. List the prime factors of v.
2, 3, 547
Suppose 0 = 5*l + 5*o - 43345, 34666 = 4*l + 26*o - 24*o. Suppose -14*z = -6*z - l. List the prime factors of z.
3, 19
Let b(g) = -g**2 + 5*g - 12. Let c be b(9). Let w = -46 - c. List the prime factors of (5/(-2) + w)*(-8 - 8).
2
Let u be 1/(-1)*-7*4/(-28). What are the prime factors of 29800/160 + u/4?
2, 3, 31
Let b be 9/162*9 + 12/8. Let i be (2 - 1)/((-4)/(-20)). Suppose 2*n - 141 - 627 = -i*g, -2*n = b*g - 312. What are the prime factors of g?
2, 19
Let x(u) = 5*u + 95. Let k be x(-20). List the prime factors of -11 - -625 - (k - 2).
3, 23
Suppose -4*u = 28, -5*j - 5*u + 69268 + 44497 = 0. List the prime factors of j.
2, 5, 569
Let m(a) be the second derivative of -a**5/20 + 11*a**4/24 - 4*a**3 + 7*a. Let n(w) be the second derivative of m(w). List the prime factors of n(-5).
41
Suppose 3*r = -6*r + 162. Let p(a) = 1. Let j(x) = x - 35. Let y(f) = -j(f) + 6*p(f). What are the prime factors of y(r)?
23
Suppose -142*x + 147*x = -k + 69707, 13954 = x + 2*k. List the prime factors of x.
2, 5, 17, 41
Suppose -6*q + 10*q = -28048. Let s be q/(-68) - 4/34. Suppose -o = -2*h - 111, 4*h + 8 + s = o. What are the prime factors of o?
3, 37
Let f be 24/14 + -2 + (-764)/(-28). Suppose f = -12*m + 6003. List the prime factors of m.
2, 3, 83
Let u(i) = 1066*i**2 + 152*i + 1115. What are the prime factors of u(-7)?
5, 10457
Let p = 90 - 85. Suppose -2*r + 30 = -4*y, p*y + 42 = 5*r - 8. Suppose 3*a = 7 + 2, r*w - 3*a - 506 = 0. List the prime factors of w.
103
Let s be -1418*(-4)/(-8)*3. Let k = -437 - s. List the prime factors of k.
2, 5, 13
Let n be (-1)/(-3) + (0 - (-250)/15). Suppose -2*m + 27 = n. Let k(s) = -s**3 + 12*s**2 - 16*s - 3. List the prime factors of k(m).
2, 23
Let b(i) = -3*i + 55. Let d be b(19). Let l be ((-5)/2)/((-3935)/(-1970) + d). Suppose -92*n = -97*n + l. What are the prime factors of n?
197
Let k = 1474 + -862. Let r = k - 313. List the prime factors of r.
13, 23
List the prime factors of (-1)/((40/5)/(-48992)).
2, 1531
Suppose -5*a - 3*w = -29410, -5*a + 206*w - 204*w + 29385 = 0. List the prime factors of a.
5879
Let h be 62/(-3) - 1/(3 + 0). What are the prime factors of (7/h)/(7/(-924))?
2, 11
Let f(b) = b - 5. Let n be f(5). Suppose n = -3*p + 105 + 459. Suppose p = 2*w - 26. What are the prime factors of w?
107
Let i(a) = 488*a**3 + 4*a**2 - 466*a + 1894. List the prime factors of i(4).
2, 3, 23, 227
Let p = 815 - 815. Suppose p = 18*u - 4436 + 494. What are the prime factors of u?
3, 73
Let o(c) = -5*c**3 - c**2 - 2*c - 1. Let k be o(-1). Suppose -256 = -3*h - k*j, -172 = -2*h - 2*j - 0*j. Let m = h - 41. What are the prime factors of m?
2, 23
Let q = -65 - -64. List the prime factors of ((-1)/q)/(-1) + -2 + 134.
131
Let x(p) = p**3 + 6*p**2 + 2*p + 1. Let w be x(-4). Suppose 5*k = 5*l - w, l - 2*k - 10 = 6*l. Suppose -5*q + 195 + 85 = l. What are the prime factors of q?
2, 7
Let k = -13045 + 22429. What are the prime factors of k?
2, 3, 17, 23
Let i(o) = 353*o**2 + 3*o - 1. Let w = -40 + 41. Let d be i(w). Suppose 4*r = 5*u + d, u + 80 + 9 = r. What are the prime factors of r?
2, 3, 5
Let t(l) = -l**2 - 16*l - 19. Let w be t(-15). Let k be 1*(-3 + -2 - w). What are the prime factors of 0 - k/((-5)/(-580))?
2, 29
Let c(m) be the third derivative of m**4/24 + 7*m**3/3 - m**2. Let o be c(-5). What are the prime factors of (o/(-3) + 20)/1?
17
Suppose 9*h = -2*c + 14*h + 15588, 2*c = 8*h + 15588. What are the prime factors of c?
2, 3, 433
Let a(f) be the third derivative of 1/60*f**5 + 0 + 3/4*f**4 - 17*f**2 + 0*f - 11/6*f**3. List the prime factors of a(-21).
2, 13
Let x be ((-147)/35 + 0)*5. What are the prime factors of (x/(-4))/(7711/(-1936) + 4)?
2, 7, 11
What are the prime factors of (10 - -7551)/((-27)/(-243))?
3, 7561
Let n be ((-145)/58)/(0 + 1/(-2)). Suppose 0*q + 20 = n*q. Suppose -q*j - 5 = z - 19, -4*j = -4. List the prime factors of z.
2, 5
List the prime factors of (-255)/15 - (-57708 - -8).
37, 1559
Let f = 12974 + 7624. What are the prime factors of f?
2, 3, 3433
Suppose -86*p + 93*p = 70. Let v(k) be the second derivative of k**5/20 - 5*k**4/6 + 7*k**3/3 + 5*k**2 + k. List the prime factors of v(p).
2, 3, 5
Let v(p) be the third derivative of p**4/24 + 10*p**3/3 - 10*p**2. Let d be v(-14). What are the prime factors of (5 - 70/d)/(2/(-15))?
2, 5
Let a = 68615 + -35285. List the prime factors of a.
2, 3, 5, 11, 101
Let g(u) be the first derivative of u**4/4 + u**3/3 - 4*u**2 + 4*u - 11. Suppose -3*j + 9 = 2*n, 3*n = -4*j + 3*j + 3. List the prime factors of g(j).
2
List the prime factors of 9/(216/(-291632))*3/(-2).
11, 1657
Suppose -5*y = -2*y + 12*y - 19140. What are the prime factors of y?
2, 11, 29
List the prime factors of (-1172)/(-52) + -23 + -2*(-738490)/52.
28403
Suppose -33*j = -5*u - 32*j + 28997, 2*u - 4*j - 11570 = 0. List the prime factors of u.
5801
Let p(n) = -12*n**2 + 5*n + 280. List the prime factors of p(0).
2, 5, 7
Let u be (1016/6 - -3)/(3/(-9)). Let x = -203 - u. What are the prime factors of 2 + 3*x*1/6?
3, 53
Suppose -11*c - 17*k - 51321 = -13*c, 0 = 5*c + 4*k - 128163. List the prime factors of c.
3, 5, 1709
Suppose 15*y + 3*y = 306. What are the prime factors of -23 + 25 + y*22?
2, 47
Let f = -20 - -28. Suppose 5*q = 5*k + 2180, -4*q + 4*k = -f*q + 1776. Let a = q + -261. What are the prime factors of a?
179
Let y(t) = 2764*t + 41. List the prime factors of y(16).
3, 5, 13, 227
Suppose -203 = -5*a - 3*b, -64 = -a - 5*b - 19. Let w be (a/(-60))/(2/(-9)). Suppose 5*x = -w*x + 328. List the prime factors of x.
41
Let i(q) = -2*q**2 + 51*q - 133. Let f be i(27). Let x = 848 - f. List the prime factors of x.
2, 3, 59
Suppose 2*k + t = 65, -130 + 1 = -4*k - 3*t. Let a be (k/(-6))/(5/(-50)). Suppose -a*n + 348 = -52*n. What are the prime factors of n?
2, 29
Suppose 672037 = -50194*i + 50217*i. List the prime factors of i.
61, 479
Suppose -r - 3 = -4*o, 4*r + 2*o + 12 = 4*o. List the prime factors of (-184)/r*(4 + 11 + -6).
2, 3, 23
Suppose 15*j = 17*j - 4066786. What are the prime factors of j/1073 + 6/(-111)?
5, 379
Let r(c) = c**3 - 13*c**2 + 6*c + 37. Let v be r(11). Let u = v - -440. What are the prime factors of u?
7, 43
Suppose -10*j + 